at is the remainder when d(3) is divided by p(-17)?
7
Let q(x) = 2*x - 10. Let p be q(12). Let c = 19 + p. What is the remainder when 65 is divided by c?
32
Let j(h) = -h**2 + 11*h - 9. Calculate the remainder when 56 is divided by j(8).
11
Suppose -d - 2 = -4. Suppose -4*g - 4 = -2*n - 2*g, -3*g = n - d. Suppose -n*l + 0*l - 4*h + 50 = 0, -4*h = -12. What is the remainder when l is divided by 5?
4
Let g = 577 + -392. Suppose -f - g = -6*f. Calculate the remainder when f is divided by 20.
17
Let s(b) = 38*b - 2. What is the remainder when s(1) is divided by 19?
17
Let o(m) = -2*m + 14. Suppose 29 = -2*d + 5. What is the remainder when o(d) is divided by 10?
8
Suppose 2*x + 3*u - 44 = 2*u, 2*x - 34 = 4*u. What is the remainder when x is divided by 12?
9
Suppose 0*g - 4*g = -16. Calculate the remainder when g/10 - 318/(-5) is divided by 22.
20
Let p(x) = 3*x**3 + 12*x**2 - 8*x - 14. Let h(b) = b**3 + b**2 - 1. Let a(y) = 4*h(y) - p(y). Calculate the remainder when a(7) is divided by 9.
8
Suppose -r - 8 = 2*x - 36, 0 = x. Suppose -5*q + 4*g = -413, 0*g - 5*g = -q + 91. What is the remainder when q is divided by r?
25
Let n(l) = -6*l + 2. Let r(f) = 3*f - 27. Calculate the remainder when r(26) is divided by n(-4).
25
Let y = -55 + 95. What is the remainder when 117 is divided by y?
37
Let u be 2 + (14 - 4/1). Let r = -4 - -30. What is the remainder when 24 is divided by r/1*6/u?
11
Let q(a) = a + 2*a - 2*a - 1. Let x be q(-7). Let c(o) = o**3 + 9*o**2 + 3*o. What is the remainder when c(x) is divided by 14?
12
Let t(c) = 82*c**2 - c - 2. Let b be t(2). Suppose -5*d + 0*j + b = -j, 0 = -4*d + 3*j + 268. What is the remainder when d is divided by 22?
20
Let m(p) = -194*p**3 + p**2 + 3*p + 1. Calculate the remainder when m(-1) is divided by 28.
25
Let q = -21 + 28. Calculate the remainder when 11 is divided by q.
4
Let s be 1/2 - 6/4. Suppose 2*j + j = 0. Calculate the remainder when 15 + s + 0 + j is divided by 8.
6
Suppose q - 3*w = 88, -4*q = -0*w - w - 407. What is the remainder when q is divided by 26?
25
Let v = 4 - 4. Suppose 6*y - y - 20 = v. Calculate the remainder when y is divided by 3.
1
Suppose -5*h - 1 + 11 = 0. Calculate the remainder when (h - 12/9)*63 is divided by 22.
20
Suppose 312 = 4*h - y, -2*h + 0*y + 154 = -y. Let l = -48 + h. Calculate the remainder when l is divided by 8.
7
Suppose -6*n + 98 + 460 = 0. Calculate the remainder when n is divided by 16.
13
Suppose -2*x = 4*j - 2, 3 = -5*j - x + 10. Let n(f) = 8*f + 0*f - 5*f + 1 + 0*f. What is the remainder when n(j) is divided by 5?
2
Suppose 0*l = 4*q - 2*l - 142, q = 5*l + 40. Calculate the remainder when q is divided by 10.
5
Let p(f) = -15*f**2 - 8*f + 1. Let t(m) = 8*m**2 + 4*m - 1. Let d(g) = -3*p(g) - 5*t(g). Calculate the remainder when 40 is divided by d(-2).
12
What is the remainder when 11 is divided by (3/12)/(2/56)?
4
Suppose -3*n + h = -9, 2*h + 19 = 4*n + 3*h. What is the remainder when (2/4)/(2/56) is divided by n?
2
Let d(r) = -4*r - 6. Let w(s) = -s - 3. Let v be w(-2). Calculate the remainder when d(-6) is divided by (-1)/(v - (-9)/10).
8
Let y(m) = 37*m - 21. Calculate the remainder when y(6) is divided by 51.
48
Let h = -5 - -11. Let y(b) = b**3 - 6*b**2 + 8*b + 2. What is the remainder when y(h) is divided by 17?
16
Let n(a) = a - 2. Let q be ((-3)/(-4))/((-1)/(-4)). Suppose -q*j - 4*m + 5 = 0, 3*m = -5 + 2. Calculate the remainder when 1 is divided by n(j).
0
Suppose -6*z + 2*z = -4. Let p = z - -5. Calculate the remainder when 11 is divided by p.
5
Let q(m) = m - 6. Let z be q(5). Let i = 2 + z. Suppose -2*j + o + o = 0, 0 = 4*j + 3*o - 7. What is the remainder when j is divided by i?
0
Let v(g) = g + 2. Let b be v(0). Suppose 4*n + j - 73 = 0, 0 = -0*n - b*n - j + 37. What is the remainder when n is divided by (-12)/15*50/(-4)?
8
Suppose 0*b - 5*b + 15 = 0. Suppose -2*q + 1 = -b. What is the remainder when q is divided by 2?
0
Let v = 1 + 9. Suppose 0*o = 2*o - 5*m - 74, -m - 37 = -o. Calculate the remainder when o is divided by v.
7
Suppose 85 + 325 = 2*i. What is the remainder when i is divided by 26?
23
Suppose -5*t - t = -132. Calculate the remainder when 41 is divided by t.
19
Suppose -m + 12 = -w + 4, -3*m - 5*w = 8. Suppose -3*c + 4*t + 20 = -16, 3*c + m*t = 12. Calculate the remainder when c is divided by 5.
3
Suppose b - 20 = 25. Suppose -13 = 2*x - b. Calculate the remainder when x is divided by (-1 + (-1)/(-3))*-9.
4
Let r = -3 - -7. Suppose 2*d = 5*v + 30 + 4, -r*d + 92 = 2*v. Calculate the remainder when d is divided by 6.
4
Suppose -4*g = 4 - 24. Suppose -26 = -4*l + g*z, -3*z + 6 = l - 4*z. What is the remainder when l is divided by 3?
1
Let b = 10 - -7. Suppose 4*w = 11 + b. Calculate the remainder when 11 is divided by w.
4
Let v(m) = 11*m - 6. Let j be v(6). Suppose 18 = -3*d + j. Let k = -3 - -8. Calculate the remainder when d is divided by k.
4
Let s = 16 - 5. What is the remainder when (-59 + 1)*6/(-12) is divided by s?
7
Suppose 5*u - 170 = 15. Suppose -2*z + 5 = -3*z - 5*y, -12 = 4*y. Calculate the remainder when u is divided by z.
7
Suppose -4*u = -5*u + 13. Suppose o - 106 = -5*h, 3*h - 5*o + u - 99 = 0. Calculate the remainder when h is divided by 8.
6
Let n = -3 - -2. Let q be (n*2)/(4/(-6)). Suppose w - q*w + 106 = 0. What is the remainder when w is divided by 18?
17
Let q(s) = s**3 + 6*s**2 - 3*s - 5. Let z be q(-4). Calculate the remainder when 50 is divided by ((-2)/(-3))/(2/z).
11
Let j = -11 - -8. Let h(y) = -y**3 + 4*y + 3. Let m be h(j). Let o = 58 - m. What is the remainder when o is divided by 14?
12
Let s be -3 + 0 + (-8)/(-2). Let l(i) = -1. Let h(x) = -x + 6. Let j(t) = s*h(t) + 6*l(t). Calculate the remainder when 9 is divided by j(-6).
3
Suppose -2*l - 2*l = 2*g - 28, -g - 6 = -2*l. What is the remainder when 12 is divided by g?
0
Let s = 3 + 2. Suppose s*c - 2*c + 171 = 0. Calculate the remainder when 36 is divided by 2/(((-12)/c)/2).
17
Let i(n) = n**2 + 4*n - 7. Calculate the remainder when i(-8) is divided by 9.
7
Let i = 0 - 3. Calculate the remainder when 309/12 - 1/(-4) is divided by (1 - 4)*14/i.
12
Suppose -2*b = 5*o - 25, 0 = -5*o - b - 0*b + 25. Suppose 0 = -2*c, -3*c - 140 = -0*t + 5*t. What is the remainder when ((t/1)/2)/(-1) is divided by o?
4
Suppose -7*u + 3*u + 20 = 0. Suppose -31 = -4*w + r, -u*w = -0*w - 5*r - 20. What is the remainder when 25 is divided by w?
7
Suppose -2*d = 3*d - 320. Let s(w) be the second derivative of w**3/3 + w**2 + 3*w. What is the remainder when d is divided by s(10)?
20
Let a be (6/(-9))/(4/(-6)). What is the remainder when 7 is divided by (-3 + a)/(1/(-1))?
1
Let r = -83 - -121. What is the remainder when r is divided by (20/(-6))/(3/(-18))?
18
Let a = -7 + -8. Let t = a - -31. Calculate the remainder when 46 is divided by t.
14
Let v be 15 + 1*(-3 - -4). Let g = v - 26. Let l(q) = -q + 3. What is the remainder when 25 is divided by l(g)?
12
Calculate the remainder when ((-32)/24)/((-1)/9) is divided by ((-1)/1)/(2/(-14)).
5
Let n(s) = s**3 - 5*s**2 - 5*s - 4. Let y be n(6). Suppose 7 = 5*i + y. What is the remainder when i is divided by 1?
0
Let a(u) = u**3 + 7*u**2 + 3*u - 3. Suppose 40 = 2*n + 16. Calculate the remainder when a(-5) is divided by n.
8
Let y(g) = -g**2 - 5*g - 2. Let b be y(-5). Let u = 4 + b. Let n = -5 - -8. Calculate the remainder when n is divided by u.
1
Suppose -3*c + 4*c = 35. Calculate the remainder when c is divided by 12.
11
Let g = 3 + 6. Let r = 12 - 20. Calculate the remainder when r/(1 + (-6)/4) is divided by g.
7
Suppose s - 4 = 19. Suppose 0 = -3*h - 8 + s. Calculate the remainder when 13 is divided by h.
3
Let z(o) = -2*o - 8. Let i be z(-6). Suppose -i*d + 12 = -144. Suppose d = 3*b + 2*b + 3*x, -2*b + x = -9. What is the remainder when 10 is divided by b?
4
Suppose 4*i + 3*f = 63, -3*i - 4*f = -34 - 22. What is the remainder when 45 is divided by i?
9
Suppose -5*l - 2 = -12. Suppose l = 2*s - 2. Suppose 2*r = -r, 0 = -q - s*r + 24. Calculate the remainder when q is divided by 13.
11
Let n(j) = -2*j + 5. What is the remainder when 50 is divided by n(-6)?
16
Suppose -8*b + 118 = -10. What is the remainder when 29 is divided by b?
13
Suppose 3*l = -3*r - 3, 2 = -l - 5*r + 9. Let h(g) = -g**3 - 3*g**2 - 3*g + 1. Let o = 12 - -